8
Let s = -5 - -7. Let c(o) = 3*o. Give c(s).
6
Let v(w) = -2*w - 1 - 4 - 3 - 1. Determine v(-7).
5
Let r(t) = -10*t**2 - 3 + 1 + 1. Suppose -23*x + 6 = -25*x, -5*l - 14 = 3*x. Calculate r(l).
-11
Let h(a) = 2*a - 3*a - 30 + 32. Give h(3).
-1
Let r(k) = k**3 - 3*k**2 + 3*k. Let n be r(2). Let t(g) = g**3 - 3*g**2 + 3*g - 2. Determine t(n).
0
Let r be 9*(11/3 + -3). Let p(d) = -r*d + 6*d + 4*d - 2. Suppose 2*f - 16 = 5*g, 0*g = -5*f - 2*g + 11. Give p(f).
10
Let l(d) = d**3 + 3*d**2 - 4*d. Let y(z) = z**3 + 3*z**2 - 3*z. Let k(g) = 2*l(g) - 3*y(g). Give k(-2).
-6
Let a(d) = 5*d + 1. Let u be (-4)/(-8) - (-7)/2. Suppose -u = -2*i - 0*i. Calculate a(i).
11
Let p(q) = -3*q**2. Let d = 3 - 1. Let f = 0 + d. Suppose a + f = 3. Determine p(a).
-3
Let g(a) = -6*a**2. Let k = 2 - -2. Let h(l) = l + 8. Let m be h(-6). Suppose -6 = m*y - k. Calculate g(y).
-6
Let u(h) = -2*h - 6. Suppose 0 = 3*b + 15, 3 = 5*s - b + 28. Give u(s).
6
Let t(c) = c - 7. Let i(n) = -n**2 + 17*n + 5. Let l be i(17). Suppose -f + 0*f = l. What is t(f)?
-12
Let k(r) = -9*r + 3*r + 0 + 2 + r**2. Let z(s) = 5*s + 15. Let w be z(-2). Give k(w).
-3
Let o(p) = -157*p - p**3 - 8 + 72*p + 11*p**2 + 76*p. Calculate o(10).
2
Let c(p) = -3*p**2 - 2*p**2 - 2 + 6*p**2 - 3*p. Determine c(2).
-4
Suppose 14*o = 19*o. Let t(x) = x**2 + 4. What is t(o)?
4
Let b(d) be the first derivative of 2 - 1/2*d**2 + 6*d. Let m be 2/(-6) - (-10)/3. Give b(m).
3
Suppose -2*z = z - 27. Let b be (-32)/(-40)*(-1 - z). Let o be 21/(-12) - (-2)/b. Let f(q) = 3*q + 3. What is f(o)?
-3
Let j be ((-7)/(-3))/((-7)/(-21)). Let w = -6 + j. Let a(t) = t**3 + 1. Give a(w).
2
Let n(b) = -b**2 - 2*b - 1. Let d be n(-3). Let y = d - -6. Let t(k) = k**2 - 2*k - 1. Calculate t(y).
-1
Let k(d) = d**3 + 3*d**2 - 7*d - 6. Suppose 3*z = 4*u + 4 - 24, -5*z + u = 22. Give k(z).
6
Let f(g) = -3*g**3. Let l(o) = 4*o**2 + 6. Let t(h) = 3*h**2 - h + 5. Let u(y) = 4*l(y) - 5*t(y). Let c be u(-5). Determine f(c).
3
Let i(y) = -y + 11. Let u be (2 + (-17)/1)*4/(-12). Give i(u).
6
Let u(s) be the first derivative of s**6/360 + s**5/40 - s**4/6 - 2*s**3 + 7. Let h(t) be the third derivative of u(t). Give h(-3).
-4
Suppose -t = -2*h - 2, -4*t + h + 18 + 4 = 0. Let b be (t*4/6)/(-1). Let x(d) = 11 - 11 + d**2 + 2*d. Give x(b).
8
Let d(s) = 12 - 4 + 10*s - 7. Determine d(1).
11
Let a(o) = 65 - 2*o + 64 - 129. What is a(1)?
-2
Suppose -2*o + 6 = -2*i, -i + 5*i - 3*o = -11. Let f(l) be the second derivative of -l**5/20 - l**4/12 - l**3/6 + l**2 + 2*l. Determine f(i).
8
Let i(g) = -g**3 - 4*g**2 + 6*g + 6. Let t be 46/14 - (-4)/(-14). Suppose -t*c - 28 = c. Let z(f) = -f - 12. Let h be z(c). What is i(h)?
1
Let z(x) = -51 + x**2 + 6*x + 0*x + 43. What is z(-6)?
-8
Suppose -t + 6 = a, -t - 6 = -5*a + 2*t. Let h(s) = -s + 4. Let r(y) = -6*y + 20. Let d(u) = 11*h(u) - 2*r(u). Give d(a).
7
Let o(h) be the first derivative of -23*h**3/3 - h - 26. Give o(-1).
-24
Let h(b) = b. Let w(y) = -3*y + 1. Let q(i) = -i + 1. Let r(u) = -5*q(u) + 3*w(u). Suppose 0 = n - 1 - 0. Let p(s) = n*r(s) + 3*h(s). Calculate p(0).
-2
Suppose 0 = -3*s + 6, -6*s + s = -4*p - 86. Let i = p + 17. Let u(o) = 2*o**3 + 4*o**2 + 3*o + 1. Calculate u(i).
-5
Suppose q + 2*q + 9 = 0. Let x(b) be the first derivative of 1/4*b**4 + 4/3*b**3 + 2*b + 2*b**2 - 3. What is x(q)?
-1
Let c be (-9)/2*14/21. Let b(m) = m**3 + 2*m**2 + m + 4. Calculate b(c).
-8
Let n(c) = -395*c - 4 + 0 + 394*c + 1. What is n(0)?
-3
Let c(g) be the first derivative of -7*g**5/20 - g**3/6 - 2*g - 2. Let p(h) be the first derivative of c(h). Determine p(-1).
8
Let c(d) be the third derivative of d**4/12 + 3*d**3/2 - d**2. Suppose 5*k - 4*b + 10 = 0, 2*k + 22 = -0*k - 2*b. Determine c(k).
-3
Let h(r) = r - 1. Let c(z) = 3*z - 3. Let i(g) = -3*c(g) + 8*h(g). Calculate i(-4).
5
Let f(w) = w - 1. Let c(d) = d**2 - 9*d + 4. Let l(n) = c(n) + 2*f(n). Determine l(7).
2
Let n(t) = -t**2 - 5*t + 1. Let s(f) = -f**2 + f. Let r(p) = -p**2 + 2*p. Suppose 0 = -2*x + x - 7. Let o(c) = x*s(c) + 6*r(c). Let k be o(-4). Give n(k).
5
Let n(g) = g**2 + 8*g + 2. Let p(c) = 1. Let j(o) = n(o) + 5*p(o). What is j(-5)?
-8
Let o(n) = -n**2 - 4*n - 3. Let v = -71 - -64. Calculate o(v).
-24
Let u(v) = -v**3 - 9*v**2 - 5*v + 3. Suppose -5*w - 37 = -i, -4*w + i - 29 = -0*i. Determine u(w).
-21
Let n(c) = -c + 10. Let i(m) = -m**3 - m**2 + 5*m - 3. Let j be i(3). Let x be 6/j - 58/(-8). Give n(x).
3
Let a(s) = 2*s**2. Suppose 0*i - 5*g + 5 = 2*i, -3*i + 4*g = 4. Suppose i = -t - 2 + 3. Suppose -t = 5*r + 4. What is a(r)?
2
Let g(o) = o**2 - 6*o - 1. Let u(w) = -w**3 - 6*w**2 - 3*w + 10. Let v be u(-5). Suppose -3*k + 4 + 14 = v. Determine g(k).
-1
Suppose z = -3*z. Let t(b) = -b + b**2 - b**2 - 1 + b**3 - 3. Determine t(z).
-4
Let q = 19 + -14. Let v(c) = -c**3 + 5*c**2 - c - 2. Calculate v(q).
-7
Suppose 4*w - 5*r - 57 = 0, 3*w + 3*r - 25 = -2*w. Suppose 3*u = 5*u + w. Let l(t) = -t**3 - 3*t**2 + 5*t + 3. What is l(u)?
-1
Let m(d) = d**2 + 4*d - 1. Let s be -2*2/12*9. Determine m(s).
-4
Let f be (6/(-4))/((-3)/(-8)). Let x = -1 - -3. Let c(q) = 0 - q**x + 2 + 1 - 4*q. Determine c(f).
3
Let t(h) = h**3 - 4*h**2 - h - 5. Suppose n - 2 = -k - 3*k, 0 = 4*n - 4*k + 32. Let o be 51/(3 + 9/n). Let y be 2/9 - o/(-9). Give t(y).
-9
Let d(z) be the first derivative of -z**3/3 + z - 40. Determine d(0).
1
Let q(k) = -6*k - 1 - k**3 + 4 + 4 - 6*k**2. Calculate q(-5).
12
Suppose -4*q + 8 = -3*q. Let m be (q/10)/(2/(-5)). Let x(o) = 4*o + 1. Determine x(m).
-7
Let s(o) = -12*o**2 + 27*o**2 - 5 - 14*o**2 + o. Determine s(-4).
7
Let o(w) = 3*w**2 - 2*w**2 + 28 + 2*w - 26 - 4*w**2. Suppose 5*l + 5*n = -15, l + 7*n - 3*n + 18 = 0. Calculate o(l).
-6
Let m(h) = -1 + 3*h + h - 3*h. Let s(r) = -8*r. Let w(y) = -2*y - 5. Let l be w(-4). Let t(i) = l*m(i) + s(i). Calculate t(-2).
7
Let l be (-3)/4 + 3/4. Let u(a) = l - 5*a + a**2 + 3 - a**3 - 8*a**2. Give u(-6).
-3
Suppose 5*k = 3*x - 9, k = -x - 0*x + 11. Let r(i) = 1 + 1 - x + i. Let l be r(7). Let y(b) = -9*b. Determine y(l).
-9
Suppose -5*w = -2*w + 3. Let d be (w - -1 - 6)/(-2). Suppose d*a = 5 - 2. Let s(h) = -5*h. Calculate s(a).
-5
Let d(b) = -b**2 - 6*b + 6. Let w = 21 + -26. What is d(w)?
11
Suppose i + 0*i + 2 = 0. Let c be i/3 + (-102)/(-18). Let v(z) = z**3 - 5*z**2 - 3*z + 4. Calculate v(c).
-11
Let k(i) = 3*i**3 + 2*i**2 - 3*i. Let n(z) = -4*z**3 - 2*z**2 + 3*z - 1. Let m(w) = -3*k(w) - 2*n(w). What is m(-2)?
-4
Let y(n) = -7*n**2 - n - 10. Let d = -13 + 7. Let h(t) = -6*t**2 - t - 9. Let f(m) = d*h(m) + 5*y(m). What is f(0)?
4
Let b(s) = s + 0 + 8 - 7. Suppose -2*j = -1 - 7. Suppose 0 = -3*a + j*a - 5. Calculate b(a).
6
Let h(k) = 2*k**3 - 13*k**2 - 13*k - 12. Let j(s) = 5*s + 20*s**2 + 21 - 3*s**3 + 15*s - 3 + 0*s**3. Let l(o) = 8*h(o) + 5*j(o). Determine l(5).
-1
Let d(t) = t**2 - 6*t - 4. Suppose -7 = -3*l - j + 14, -l = -j - 11. Suppose 0*k - 4*k = l. Let r be (5/k)/(6/(-12)). Calculate d(r).
-9
Let m(q) = q**3 - 8*q**2 + q - 3. Let x(n) = 3*n - 1. Let w be x(3). Determine m(w).
5
Suppose -10 = -d + 11*d. Let n(z) = -4*z - 5. Let m(p) = -19*p - 25. Let h(s) = -2*m(s) + 11*n(s). Let g(y) = 7*y + 6. Let v(f) = 4*g(f) + 5*h(f). What is v(d)?
1
Let m(l) = l - 1. Let g = 5 + -1. Let t(n) = -n**3 + 5*n**2 - 4*n + 2. Let o be t(g). Determine m(o).
1
Let p(o) = -4*o + 10*o - 8*o. What is p(2)?
-4
Suppose -n + 24 = -4*n. Let y = 11 + n. Let p(i) = -1 + 1 + i + y. Give p(4).
7
Let s = 4 + -2. Suppose s*n + 0*n = 8. Let p(v) = v**2 - 3*v - 3. What is p(n)?
1
Let s(v) be the second derivative of v**5/20 - 5*v**4/12 + v**3 - 5*v**2/2 - 35*v. What is s(4)?
3
Suppose -5*f + 2 = -4*f. Let h = 1 + f. Let g(n) = -n**2 + 2*n - 1. Give g(h).
-4
Let w(q) = q**3 + 8*q**2 + 7*q - 5. Let x(b) = b**2 + 8*b. Let r be x(-8). Suppose r = 3*c - 7*c - 28. Let s be w(c). Let o(k) = k**2 + 5*k + 1. Give o(s).
1
Let g(u) = u**2 + u - 1. Let q(l) = l**3 + 10*l**2 + 8*l. Let n(y) = -5*g(y) + q(y). Let b be 396/(-90) - (-4)/10. What is n(b)?
9
Suppose -3*v + 5*f = -8*v - 45, -4*f = 12. Let d(x) = x**3 + 5*x**2 - 4*x + 6. What is d(v)?
-6
Suppose 4*r = 2*r. Let o(k) = -2*k + k + 4*k - 4 - 2*k. What is o(r)?
-4
Let x(z) = 2*z - 3. Let j be (2/(-4))/((-1)/8). Suppose -l - 25 = 4*h, -j*l + 4*h - 8*h - 52 = 0. Let r(p) = p + 14. L